215. Let w = x + 179. What is the highest common factor of h and w?
17
Suppose -o + 33 = 2*o. Let d = 43 - -1. What is the greatest common factor of d and o?
11
Let b(s) = 2*s + 2. Let u be b(2). Calculate the highest common factor of 9 and u.
3
Let x(b) = b**3 + 8*b**2 - 5*b - 2. Let w = -6 - 0. Let r be x(w). Calculate the greatest common factor of r and 25.
25
Let x = -57 - -60. Let v be (1 - (-1)/(-1)) + 7. Let r = v - -14. Calculate the greatest common factor of r and x.
3
Suppose 8*h - 54 = 2*h. Let u(f) = -4*f + 1. Let w be u(-1). Suppose 0 = -w*y + 4*o + 542 - 137, -5*o + 81 = y. What is the greatest common divisor of y and h?
9
Suppose 34*s - 28*s = 600. Calculate the highest common divisor of 25 and s.
25
Suppose -27*k - 60 = -32*k. What is the highest common factor of 30 and k?
6
Let g = 7 - 2. Let h = g - 1. Calculate the greatest common factor of h and 4.
4
Let s be (-3)/(-4) + (-9)/12. Suppose -b + 6*b = s. Suppose b = -4*i + 5*i - 20. Calculate the greatest common divisor of i and 30.
10
Let y be (-2233)/(-28) - (-1)/4. Let k(b) = 4*b + 1. Let c be k(2). Suppose -4*o - y = -c*o. What is the greatest common factor of 80 and o?
16
Suppose -w + 81 = 2*w. Suppose -4*g = -4*v - 428, 0*g - 5*v = 4*g - 437. What is the greatest common factor of w and g?
27
Let h be -64*(-7 + 13/2). Let f(t) = -t**3 + 4*t**2 + 4. Let b be f(4). What is the highest common factor of b and h?
4
Suppose -13*c - 12 = -17*c. Calculate the highest common divisor of 3 and c.
3
Suppose 22 = 3*f + 1. Let x = f + 25. Calculate the greatest common factor of x and 80.
16
Let z be 2/9 + 392/18. Calculate the highest common factor of z and 33.
11
Let s = -19 + 31. Let b be (-38)/(-6) - s/(-18). Let j(f) = -f**2 - 8*f + 7. Let y be j(-7). Calculate the greatest common divisor of y and b.
7
Let j(z) = 3*z - 1. Let v be j(5). What is the highest common divisor of 14 and v?
14
Suppose -5*g = -f - 36, 5 = 2*g + 3*f - 23. Let n be (-2)/(-6) - 4/(-6). Calculate the greatest common factor of n and g.
1
Suppose 0 = -4*r + 12, 0*c + c - 292 = -2*r. What is the greatest common divisor of c and 26?
26
Let p = 865 - 1309. Suppose -1 - 19 = -5*x. Let b be x/(-18) - p/54. Calculate the greatest common divisor of b and 2.
2
Suppose 3*t - t = 4. Suppose -t*i = 2*s - 10 - 14, 2*i = -3*s + 31. What is the highest common divisor of s and 77?
7
Let y(a) = -a + 6. Let u be y(5). Let p = u - 1. Suppose p = w + j - 19, 5*w - 87 = -0*j + 3*j. Calculate the greatest common divisor of 45 and w.
9
Let q(h) = -h**3 + 2*h**2 + 3*h + 2. Let o be q(3). Suppose -5*k + 11 = o*v, 6 + 11 = 5*k + 4*v. Calculate the greatest common divisor of 4 and k.
1
Suppose 2*c = 5*q - 107, q - 3*c + c = 15. Calculate the highest common divisor of 46 and q.
23
Let m be (-9 + 0)*5/(-15). Suppose 27 = 4*i + m*h, 3*i - 3*h - 15 = -0*h. Calculate the greatest common factor of i and 18.
6
Let s = -24 - -27. What is the greatest common divisor of s and 2?
1
Let f be -2 - -4 - (-11 - 3)/2. What is the greatest common divisor of f and 27?
9
Let j be 2/(-6) - 3/(-9). Let f(d) = -d**3 + 6. Let g be f(j). Calculate the highest common divisor of 2 and g.
2
Let z = 7 + -6. Let i be 372/3 + z*2. What is the highest common factor of 14 and i?
14
Let g = 26 + -24. What is the greatest common factor of 2 and g?
2
Suppose 2*m = m, -5*m - 12 = -3*x. Let n = 1 - x. Let l(b) = -28*b - 4. Let z be l(n). What is the highest common divisor of z and 32?
16
Let w be (-2 - (-36 - -2)) + 1. Let o = w - 13. Let y be 106/8 - 5/o. Calculate the highest common divisor of y and 65.
13
Let m = 528 - 374. Suppose 2*o = -o + 66. Calculate the highest common divisor of m and o.
22
Suppose -3*j = 3*f - 66, f + 39 = 2*j - 2*f. What is the greatest common divisor of 7 and j?
7
Let r be 17 + 0/(0 - 1). Suppose 0 = -3*i - f + 252, -i - 2*f - f = -76. Calculate the greatest common factor of i and r.
17
Let f = 7 + -2. Let p(w) = -w**3 - 9*w**2 - 10*w - 9. Let o be p(-8). Let u = f + o. Calculate the greatest common factor of 48 and u.
12
Let a(y) be the third derivative of y**4/24 - y**3/2 - y**2. Let b be a(4). Let d = b - -31. What is the highest common factor of 80 and d?
16
Let u(h) = -20*h - 28. Let c be u(-8). Calculate the greatest common factor of 33 and c.
33
Let s = -6 + 11. Suppose -7 = -3*o + s. Suppose -5*u + o*u + 2*g + 17 = 0, 3*u - 5*g - 50 = 0. Calculate the highest common divisor of u and 135.
15
Let g(j) = -j**3 + 9*j**2 + j - 7. Let v be g(9). Suppose l + 439 = v*w, -w + 2*w + 3*l = 223. Calculate the highest common factor of w and 22.
22
Let v be (5/4)/(8/32). Suppose 3*g - 2 = -5*o - 6, -o + 30 = v*g. What is the highest common factor of 49 and g?
7
Let x be (-6 + 7)*4/(-2). Let m(s) = 2*s**2 - 2*s - 3. Let j be m(x). Calculate the highest common divisor of j and 45.
9
Let u(c) = -34*c**3. Let y be u(-1). Suppose 0*n + 4 = -2*n. Let b be (-498)/(-30) + n/(-5). What is the highest common divisor of b and y?
17
Let f = 193 - 83. What is the greatest common factor of 44 and f?
22
Let p = -57 - -81. Let n(j) = j + 2*j**2 + 1 + 1 + 0. Let l be n(2). What is the greatest common divisor of l and p?
12
Let l = -17 + 35. What is the highest common divisor of 18 and l?
18
Let w(u) = -11*u - 1. Let d be w(-2). Let k be (-93)/(-7) - 6/d. Calculate the highest common divisor of k and 52.
13
Let w(u) = -1 + 0*u - 3*u + 0*u + 2*u + 8*u**2. Suppose 0 = -5*m - 13 + 3. Let b be w(m). What is the highest common divisor of b and 11?
11
Suppose 3*y = 3*q + 3, -q = -2*q + 5. Calculate the highest common divisor of y and 6.
6
Suppose 0 = -5*l + 4 + 1. Suppose l + 4 = b. What is the greatest common divisor of b and 40?
5
Let f be (1 - -1)/((-1)/(-2)). Let b = -42 + 122. Suppose f*x + 0*x - b = 0. Calculate the highest common factor of 10 and x.
10
Let r be ((-10)/3)/(2/(-18)). Calculate the highest common factor of 6 and r.
6
Let r(y) = 2*y**2 - 4*y + 2. Let i be r(2). Suppose -52 = i*q - 3*n - 173, 2*n - 6 = 0. What is the greatest common factor of q and 13?
13
Suppose 2*j - 2 + 0 = 0. Let n = 2 - j. Let s be (n/3)/(1/33). What is the greatest common factor of 11 and s?
11
Let a(m) = -150*m + 1. Let h be a(-1). Let r = h - 45. Suppose r - 35 = 3*i + f, f = -i + 27. Calculate the highest common divisor of 2 and i.
2
Let k be (3 + 21)*(-5)/(-4). Let m(n) = -8*n - 1. Let w be m(-2). What is the greatest common divisor of k and w?
15
Suppose 3*a + a = 80. Calculate the highest common divisor of a and 5.
5
Let g = 10 - 15. Let a(z) = -32*z + 11. Let s be a(g). Calculate the greatest common divisor of s and 19.
19
Suppose s - 39 = -y + 121, -3*y - 5*s = -472. Suppose y - 10 = 2*a + 4*n, 0 = 2*n. Let u be (-2)/(-3)*21/2. Calculate the highest common factor of a and u.
7
Suppose 2*d + 450 = 5*h, -6*d = -5*h - 3*d + 455. What is the highest common divisor of h and 8?
8
Let d be 3 - (3 + -1 + 0). Let s(q) = 8*q + 1. Let m be s(d). Calculate the greatest common factor of 63 and m.
9
Let y(r) = r**2 + 6*r + 4. Suppose 9 = -5*c - 21. Let t be y(c). What is the greatest common divisor of t and 1?
1
Let s = -23 + 32. Let t be (-4)/(3*(-12)/27). Calculate the highest common divisor of t and s.
3
Let a be 52/14 + 4/14. Suppose -a*m + 144 = -m. Let x = -7 - -23. What is the greatest common divisor of x and m?
16
Let v = -18 - -28. Calculate the greatest common factor of 5 and v.
5
Suppose -3 = -5*b + 2. Calculate the greatest common factor of 11 and b.
1
Let v(z) = -4*z - 3. Let l be v(3). Let t = 10 - l. What is the greatest common factor of t and 5?
5
Suppose -4*k - 24 = -2*y, 4*k = -2*y + 30 - 6. Calculate the highest common factor of y and 3.
3
Let l = 39 - -121. What is the highest common factor of l and 5?
5
Suppose -4*m = -8*m + 64. Calculate the highest common divisor of 32 and m.
16
Suppose 3*w + 56 = -5*y + 159, -3*w - 17 = -y. Let s(j) = -27*j - 1. Let n be s(-3). Calculate the highest common factor of n and y.
20
Suppose -3*c = m - 11, 0 = -6*c + 5*c + 1. Calculate the greatest common factor of 16 and m.
8
Let o be 4/(-16) - 147/(-12). Suppose -4*k - 4*d = -644, 6*k - 2*d - 662 = 2*k. Let b = k - 116. Calculate the greatest common divisor of o and b.
12
Let u be ((-6)/(-18) - 14/6)*-39. Calculate the highest common factor of 13 and u.
13
Let s = 45 + -30. Calcul